
-101064460 (base 7) to base 5
-3002222331
Convert 16071657 (base 9) to base 16.
7a5b79
What is 1783550 (base 9) in base 6?
33233113
Convert -610669 (base 15) to base 16.
-465144
-21333323 (base 4) to base 9
-62155
What is b08c2 (base 14) in base 5?
102034224
Convert 1245434 (base 9) to base 5.
133223113
-877162 (base 12) to base 15
-2c6732
What is -211121221200102 (base 3) in base 4?
-231313320020
Convert -232381 (base 11) to base 7.
-3065131
Convert 100111011101111101 (base 2) to base 5.
20133121
What is 234450 (base 8) in base 5?
10031133
Convert -122001010200 (base 3) to base 12.
-142153
327314 (base 8) to base 12
539a4
145202323 (base 6) to base 12
10303a3
What is -272530 (base 8) in base 15?
-1d4bb
-1bde9 (base 15) to base 4
-112030032
62676 (base 13) to base 6
3442503
What is 17196879 (base 10) in base 5?
13400300004
-77bbb (base 13) to base 2
-110101000011100111
What is -13302210 (base 4) in base 12?
-16570
100100100111111001110010 (base 2) to base 7
144414110
What is -10010012002 (base 3) in base 16?
-efbd
Convert -1134513301 (base 6) to base 14.
-19bba05
What is 1001111010111110 (base 2) in base 11?
28594
-3889b (base 14) to base 8
-417231
-32124222 (base 7) to base 8
-12322076
-7002276 (base 8) to base 4
-13000102332
4503205 (base 7) to base 5
120241023
What is -b685 (base 15) in base 11?
-27001
215421244 (base 6) to base 2
1110111001101110011100
-2362066 (base 10) to base 5
-1101041231
Convert 21221211201 (base 3) to base 8.
461713
436959 (base 14) to base 3
11022002020010
-104a79 (base 15) to base 6
-24341023
-360775 (base 9) to base 7
-1563041
1614462 (base 7) to base 14
5b132
What is -142532042 (base 6) in base 10?
-2935898
Convert -356370 (base 11) to base 6.
-20034424
Convert -102052101 (base 7) to base 5.
-3014402330
What is -5072610 (base 9) in base 5?
-1143030320
Convert -101012011222 (base 3) to base 15.
-3e68e
-20130430312 (base 5) to base 15
-1b8678c
-93990 (base 11) to base 7
-1110162
-10311411 (base 6) to base 3
-120111021121
-9fc33b (base 16) to base 4
-213330030323
-222963 (base 10) to base 16
-366f3
-b7032 (base 13) to base 16
-50777
Convert 433854 (base 11) to base 6.
22505003
16a4c5 (base 13) to base 9
1051605
Convert -201325 (base 8) to base 4.
-100023111
-121d40 (base 15) to base 4
-3103222221
Convert 99558 (base 13) to base 14.
73308
What is -1459a2 (base 11) in base 6?
-4513035
What is 221570 (base 9) in base 4?
200111001
What is -272034 (base 8) in base 10?
-95260
What is 3ce32 (base 15) in base 7?
1443116
What is -2b3316 (base 12) in base 4?
-2302210002
-55112153 (base 6) to base 5
-410030113
Convert -330312232 (base 4) to base 5.
-30434022
-267394 (base 16) to base 4
-21213032110
-450692 (base 16) to base 11
-260a774
-aa817 (base 11) to base 8
-471702
What is 26580 (base 15) in base 10?
122745
-4024012014 (base 5) to base 6
-444053450
What is -79d0c6 (base 15) in base 9?
-11843086
Convert 1296bb (base 15) to base 2.
11011001111001101110
What is -9a376 (base 11) in base 13?
-51313
What is 1010213102 (base 4) in base 10?
281042
What is -143340422 (base 5) in base 9?
-1381222
Convert 121011434 (base 5) to base 10.
563369
-155115111 (base 6) to base 16
-32b393
Convert -635206 (base 9) to base 12.
-162766
62112 (base 7) to base 8
35456
What is -12122020111120 (base 3) in base 15?
-3e2d06
What is 110130013 (base 6) in base 14?
39453b
What is 351306 (base 13) in base 15?
19d249
Convert -3a488a (base 11) to base 6.
-21344121
Convert -51286e (base 15) to base 10.
-3856154
Convert -1100201210211 (base 3) to base 11.
-454249
360896 (base 13) to base 8
4721100
Convert -3db5d (base 14) to base 10.
-153159
What is -4555a8 (base 13) in base 3?
-10002022120201
Convert ac9cb (base 14) to base 4.
1212103113
-311440525 (base 7) to base 8
-105666763
Convert -21534126 (base 7) to base 11.
-1059559
What is -124269 (base 11) in base 13?
-6b27c
-123120013230 (base 4) to base 3
-111111121120010
Convert 2847c4 (base 15) to base 7.
22324042
Convert -21613121 (base 7) to base 6.
-104021035
541173 (base 9) to base 15
657b0
Convert 1202242231 (base 5) to base 14.
523283
Convert -1a33bd (base 16) to base 15.
-23dbdb
430948 (base 11) to base 2
10101000010001110100
Convert -884345 (base 9) to base 6.
-15152452
-1002021211021 (base 3) to base 6
-20205011
What is -23212523 (base 6) in base 16?
-af203
Convert 167276 (base 12) to base 9.
647100
What is -531501 (base 9) in base 14?
-8327d
-56c301 (base 13) to base 15
-2a8c03
Convert 29155 (base 12) to base 11.
3a000
What is 24b605 (base 13) in base 5?
211211031
Convert 14408371 (base 10) to base 5.
12142031441
Convert 42043 (base 8) to base 14.
64dd
What is -22125c (base 14) in base 12?
-478982
-2344431433 (base 5) to base 11
-30a4aa6
What is -566373 (base 9) in base 10?
-339294
Convert -36633723 (base 8) to base 9.
-16167105
-1334423 (base 5) to base 7
-143066
What is 6358c (base 15) in base 11?
1a5844
What is -11001000001111001101010 (base 2) in base 6?
-352344442
What is -230250241 (base 6) in base 8?
-20064361
Convert -3a0804 (base 11) to base 16.
-99f07
What is 21331012 (base 4) in base 10?
40774
What is 6a6190 (base 15) in base 7?
61130364
What is 379b62 (base 12) in base 10?
908858
45a4395 (base 11) to base 13
18882b2
Convert 6117950 (base 11) to base 9.
22314083
Convert -413301413 (base 5) to base 11.
-a5a076
-232202a (base 12) to base 14
-c80b3c
-5bb3 (base 12) to base 11
-7868
What is b860b1 (base 14) in base 11?
3582238
Convert 32104143 (base 6) to base 5.
220114243
Convert -2202201033 (base 4) to base 2.
-10100010100001001111
What is -231021313 (base 5) in base 16?
-fc204
3742108 (base 11) to base 13
1469182
Convert -1101031 (base 4) to base 6.
-40021
Convert e300e (base 15) to base 9.
1315115
40d84 (base 14) to base 6
3203424
48a7 (base 12) to base 4
1333333
344639 (base 15) to base 13
694b5a
Convert 52211 (base 12) to base 6.
2145221
1860628 (base 11) to base 8
14005433
What is 14a5de (base 15) in base 5?
223400314
What is -5639350 (base 10) in base 8?
-25406266
Convert -6646730 (base 8) to base 4.
-12310313120
-13020154 (base 6) to base 12
-18465a
-20222022201 (base 3) to base 10
-137287
10155571 (base 8) to base 13
5a5184
Convert -14ac155 (base 13) to base 6.
-353551322
-996a6 (base 16) to base 6
-21245114
What is 1284da (base 15) in base 2?
11011000111110011010
Convert -816 (base 9) to base 8.
-1227
21021020222001 (base 3) to base 15
51489a
Convert 1010000011011111011 (base 2) to base 16.
506fb
Convert 221222222131 (base 4) to base 3.
202112221001201
Convert 1022020230 (base 4) to base 3.
120102112200
-8169b (base 12) to base 7
-1301354
What is -11101010010110001 (base 2) in base 7?
-1006545
552a7 (base 14) to base 16
32603
What is -11201122210 (base 3) in base 6?
-1554503
Convert 144255114 (base 6) to base 14.
5848aa
40330140 (base 5) to base 4
1033003103
-10102123103 (base 4) to base 13
-304826
What is -1002162 (base 7) in base 13?
-41b9b
What is -153370 (base 13) in base 2?
-1111111010001000111
Convert 10202101223 (base 4) to base 12.
49408b
-730a03 (base 11) to base 14
-227417
cbc35 (base 16) to base 8
3136065
-34aa10 (base 11) to base 16
-87cd8
Convert 11001000110110010 (base 2) to base 3.
12020001200
Convert -3403542 (base 11) to base 5.
-3011313111
Convert -1110110010100100001 (base 2) to base 13.
-13c791
-2c930 (base 15) to base 9
-238250
-48aeda (base 16) to base 14
-8bdcb8
What is 100228 (base 9) in base 2?
1110011101100101
Convert 41270 (base 15) to base 12.
9b566
What is 76365 (base 8) in base 14?
b92d
What is -1c29a (base 15) in base 7?
-531256
What is 1398120 (base 12) in base 15?
52a566
What is 266027 (base 8) in base 16?
16c17
What is 245119 (base 10) in base 2?
111011110101111111
What is -1002210 (base 7) in base 6?
-2312200
Convert ada136 (base 14) to base 5.
3002432312
What is 3112030 (base 4) in base 11?
a332
Convert 1100120202011 (base 3) to base 7.
6056215
What is -863550 (base 9) in base 12?
-209823
-7205712 (base 8) to base 15
-279042
What is b31b84 (base 12) in base 13?
77195b
-2404233 (base 6) to base 9
-210873
What is -1252241 (base 6) in base 2?
-10000111001100001
Convert 1300225 (base 8) to base 4.
1120002111
b13b9 (base 12) to base 2
111000001111111101
Convert 4000253 (base 9) to base 12.
866386
b2adb8 (base 14) to base 12
2025686
Convert 4801